) composite?
False
Suppose -2*p + 3 = -1. Suppose 18 = 2*n + p*x, -4*n + 3*x = -3 + 2. Suppose 0 = n*s + 2*g - 84, -4*g + 73 = -2*s + 5*s. Is s a prime number?
True
Suppose 0 = 2*f - 5*f + 183. Suppose 2*n = 169 + f. Is n prime?
False
Let g = 12 - 8. Let p = g - 8. Is p/6 - 47/(-3) a prime number?
False
Let y(w) = w**2 - w + 1. Let f be y(1). Let a(c) = -3 + 5*c**2 - f - c + 2 + 1. Is a(-4) prime?
True
Let d be (2 + 0)/(3/657). Suppose 4*j = -2*a + d, 0 = -a + 8*j - 3*j + 198. Is 2/(((-10)/a)/(-5)) composite?
True
Suppose -2*p + 3*g + 3296 = -0*p, -g - 3292 = -2*p. Suppose -z = 4*n - 435, -p = 3*z - 7*z + 3*n. Suppose 0*b - z = -5*b. Is b composite?
False
Suppose -5*u - 3*p + 211 = 0, -5*u = 5*p - 268 + 63. Suppose 3*d = -d + u. Suppose 9*c - d*c + 46 = 0. Is c prime?
True
Suppose -66*p = -983612 - 1422946. Is p prime?
False
Suppose 7*b = 3*b. Suppose -m + 336 = -b*m. Let x = m - 142. Is x composite?
True
Suppose -4*r + 137144 = 4*z, 52*z - 137117 = -4*r + 57*z. Is r prime?
True
Is (6 + 5)/(14/275926) prime?
False
Suppose -70*n + 2186 = -72*n. Let u = 1772 + n. Is u a composite number?
True
Suppose 2*j + 172 = 5*y - 91, -4*j = -2*y + 102. Is y prime?
True
Let y(a) = -793*a**3 - a**2 - 4*a - 2. Is y(-1) a prime number?
False
Let n = 48 - 25. Suppose 0 = -n*w + 18*w + 2570. Is w a composite number?
True
Let c be -14*(-4)/(-28)*-10. Suppose 5*g = -3*a - 0 - 20, -2*a - 5*g - c = 0. Suppose 4*i - 57 + 13 = a. Is i prime?
True
Suppose 35 = -5*v + 10*v. Suppose 5*u - 1 = -r - 3, -3*r + v = 2*u. Is (-117 + r)*1/(-2) a composite number?
True
Suppose -5*u = 4*u - 8055. Suppose 5*o - 3*b = u, 3*o + 358 = 5*o - 5*b. Is o a prime number?
True
Suppose 3*z + 1 = 7. Suppose z*d - 20 = -3*d. Let a(g) = 4*g**3 - 2*g**2 - 6*g + 1. Is a(d) a prime number?
False
Let f(p) = 43*p + 3. Suppose -3*l = -2*k - 5, 0*k = 4*l + k + 8. Let v be ((-14)/(-7))/(l/(-4)). Is f(v) composite?
False
Let p = 21088 - 3419. Is p composite?
False
Let w(g) = -77*g**2 + 20*g. Let a(x) = 26*x**2 - 7*x. Let k(h) = 7*a(h) + 2*w(h). Is k(-5) prime?
False
Let r(v) = 5*v**2 - 18*v + 4. Let n be r(-14). Suppose 0 = 3*u - u + n. Let z = u - -949. Is z a composite number?
False
Let k(o) = -163*o + 7. Suppose 5*c = -0*c - 2*r - 48, c - r + 11 = 0. Is k(c) a prime number?
True
Let p = -11024 - -16233. Is p a prime number?
True
Let p(w) = -3*w - 9. Let d be p(-6). Suppose d*l = 11*l - 10. Suppose l*q - 223 = 802. Is q composite?
True
Suppose 9*v + 27 + 18 = 0. Is (-1)/4*(v + -313)*2 composite?
True
Let c(p) = 4 + 148*p + 2 + 0 - 152*p. Let u = -7 - -3. Is c(u) prime?
False
Let g be (17 - 2)*8/24. Suppose 3*z - 2356 = -4*f + g*z, -5*f = z - 2959. Is f composite?
True
Let b(u) = u**2 - 2*u - 13. Let j(g) = g**3 + 10*g**2 + 2*g + 14. Let c be j(-10). Is b(c) prime?
False
Let d = -432 - -665. Suppose -t + 3 = -0*t, 0 = l + t - 121. Let c = d - l. Is c a prime number?
False
Suppose 3*x - 5*a + 4 = 0, 2*x - 3*a + 6 - 3 = 0. Is 3/(-9) - 574/x composite?
False
Suppose 4*n - 12 = n + 3*d, -5*n - 5*d = 0. Let v be (-1 - -4)*n/2. Let c(a) = 2*a**3 - 3*a**2 - 3*a + 1. Is c(v) prime?
True
Let o(l) = 5*l - 151. Let p(g) = -g**2 - 4*g + 152. Let j(w) = 3*o(w) + 4*p(w). Is j(0) a composite number?
True
Is 116635/3 - 298/(-447) a composite number?
True
Let w(h) = h**2 + h - 2. Let l be w(-2). Suppose 3*i + 2*i - 450 = l. Suppose -b - t = 4*t, -5*b + 5*t + i = 0. Is b prime?
False
Suppose 12074 = 17*k - 50741. Is k prime?
False
Let o(u) = -u**3 + u. Let i(g) = 4*g**3 - 4*g**2 - 10*g + 2. Let v(z) = -i(z) - 3*o(z). Let l be v(5). Suppose -n + 63 = -l. Is n composite?
False
Is 6/11 - (-5263224)/264 a composite number?
False
Let z(v) = v**2 + v + 55. Suppose -k - 3*n = -1, 0 = -0*k - k - 5*n + 5. Let w be (-2)/8 - k/20. Is z(w) composite?
True
Let r(q) = q**3 + q**2 - q. Let z(y) = -3*y**3 + 3*y**2 - 2*y. Let k(v) = 2*r(v) - z(v). Let c be k(-1). Is (6/2)/c*-422 a composite number?
False
Let h = -13 - -18. Let r(o) = 35*o**3 + 5*o**2 - o + 4. Is r(h) composite?
True
Let p be 1948/10*10/4. Suppose -7*t + p = -6996. Is t prime?
True
Let n = 22 - 15. Suppose 19 = 3*v + n. Is v/(-22) - 4602/(-22) prime?
False
Let c be 2/(-10) - 651/(-105). Is 2/((12/4717)/c) a prime number?
False
Let y(k) = -k**2 + 2*k + 12. Let w be y(5). Suppose -8 = 2*x - 80. Is x + 2 + (-6 - w) a composite number?
True
Suppose 4*f + 12 + 3 = -3*d, -2*f + 5*d + 25 = 0. Suppose 10 = 5*z - f. Suppose 3*a + z*a - 1865 = 0. Is a prime?
True
Suppose 2*n + 3812 + 3728 = 0. Let s be (-3 - 9/(-6))/(2/(-4)). Is 1/s - n/39 composite?
False
Let h be (-2)/5 + (-7)/(-5). Is h/(-2)*2*-409 prime?
True
Let x = -14 + 3. Let y = x + 11. Suppose -2*m + y*m + 166 = 0. Is m a composite number?
False
Let f(z) = z**2 + 9*z + 11. Let o be f(-8). Is (1/o)/(2/1986) a prime number?
True
Suppose 2*s - 4*d = 20, 0*s + 4*s = 2*d + 22. Let c(r) = 423*r - 8. Let t be c(s). Let o = t - 1005. Is o a prime number?
False
Let y = -28 + 6. Suppose 238086 = 12*c + 15*c. Is (-34)/(-187) - c/y composite?
False
Suppose -4*x - 4*g + 16 = -8*g, -4*g + 9 = x. Suppose 42 = x*h + 3*a + 15, -4*h = 2*a - 22. Is h a prime number?
False
Let j(z) = 2*z. Let s be j(2). Suppose -l - s*g + 99 + 216 = 0, -2*l + 640 = 3*g. Let d = 820 - l. Is d a composite number?
True
Suppose -3*d + 3132 - 126 = 0. Suppose d = 2*p - f, 0 = 3*p - 0*p - 2*f - 1501. Is p composite?
False
Suppose 37956 = -299*h + 311*h. Is h a prime number?
True
Let a(z) be the second derivative of 2*z**4 + z**3/6 - z**2/2 - 5*z. Let m be a(-3). Let u = m + -93. Is u composite?
True
Let x(o) = -o**3 - 3*o**2 + 3. Let j = 6 + -9. Let l be x(j). Suppose l*m + 0*m = 363. Is m prime?
False
Let j(u) = 2*u + 13. Let h be j(-5). Suppose h*w - 211 - 235 = -o, -4*o - 4*w + 1792 = 0. Is o composite?
False
Suppose -4*t + 2*b = -33680, 4*t - 46380 = b - 12700. Suppose 0 = -d + 3*s + 2105, 4*d - s - t = -5*s. Is d prime?
False
Suppose 4*j - 6954 = -5*w, 4*j = w - j - 1414. Suppose 11*h - 2137 - w = 0. Is h a prime number?
False
Let m(w) = 3*w**3 - 9*w**2 + 3*w - 7. Let b = -36 + 46. Is m(b) prime?
False
Let a(x) = 269*x**2 + 6*x + 32. Is a(-9) a composite number?
False
Let y = 19 + -16. Suppose -2*z + 2*q = -18, z - y*q - 13 = -q. Suppose -1146 - 189 = -z*s. Is s a composite number?
True
Let w(c) = 4*c + 178. Let s be w(0). Let y(d) = 41*d - 2. Let n be y(-3). Let g = n + s. Is g a prime number?
True
Let r(l) be the first derivative of -l**4/4 - l**3/3 - l**2 + 7*l + 5. Is r(-6) a composite number?
False
Let i(p) = -p - 11. Let n be i(-7). Let a(r) = r + 7. Let x be a(n). Suppose -x*y + 2*y = -62. Is y a composite number?
True
Suppose -5*p + 15 = -0*p. Suppose 0 = 2*v + p*v - 275. Is v prime?
False
Let t(l) be the third derivative of l**6/45 + l**5/24 - l**4/12 - 3*l**2. Let v(s) be the second derivative of t(s). Is v(5) a composite number?
True
Let k(p) = 11*p + p**3 + 1 + 6*p**3 - 6*p**2 - 6*p**3. Let z be ((-14)/4)/(3/(-6)). Is k(z) a composite number?
False
Let h(o) be the third derivative of 17*o**5/60 - o**4/24 - 5*o**3/6 - 8*o**2. Is h(-6) prime?
True
Suppose -2*a + 2*o + 4534 = -0*a, -5*o + 4506 = 2*a. Is a composite?
True
Let s(t) = t**3 - 4*t**2 + 2*t - 4. Let d be s(4). Suppose 4*g + k - 3*k = 406, 0 = -d*g + 3*k + 409. Suppose -3*c + 0*c + y = -g, -3*c + 130 = 5*y. Is c prime?
False
Suppose -4*s - 3*t = -7693, -8*s - 2*t - 7678 = -12*s. Is s a composite number?
True
Let b be 24/10*(-9 + 4). Let l(o) = -o**3 - 3*o**2 - 10*o - 17. Is l(b) composite?
False
Let h(v) = v**3 - 10*v**2 - 14*v + 40. Is h(15) a composite number?
True
Suppose -198947 - 205643 = -10*z. Is z a composite number?
False
Is (2766 - -4) + -2 + -1 composite?
False
Suppose 392*a - 391*a - 21469 = 0. Is a prime?
False
Let u = -202 + 291. Is u a prime number?
True
Suppose -6185 = -0*n - 5*n. Is n a composite number?
False
Is 3/48*168940 + 2/8 a prime number?
True
Let v = 8664 - -593. Is v composite?
False
Let a(q) be the first derivative of 709*q**2/2 + 5*q + 13. Is a(2) prime?
True
Suppose -u + 12686 = 4399. Is u a prime number?
True
Let v(l) = -64*l**2 - l**3 - 1 + 4*l + 0 - 2*l + 52*l**2. Let n(a) = -a**3 - 12*a**2 + 3*a - 2. Let z(g) = -4*n(g) + 3*v(g). Is z(-6) composite?
False
Suppose 5*r + 15 = -10. Let u(b) = 0 + 4*b + 2 + 5*b**2 - 8*b - 2*b**2. Is u(r) prime?
True
Let j(